{"id":53,"date":"2022-05-17T13:03:30","date_gmt":"2022-05-17T13:03:30","guid":{"rendered":"https:\/\/weck-edv.eu\/?page_id=53"},"modified":"2022-05-18T06:21:59","modified_gmt":"2022-05-18T06:21:59","slug":"kitzrettung","status":"publish","type":"page","link":"https:\/\/weck-edv.eu\/?page_id=53","title":{"rendered":"Kitzrettung"},"content":{"rendered":"\n<p>Jedes Jahr sterben zahlreiche Rehkitze bei der Mahd. Die Geburt der Rehkitze im ;Mai \u2013 Juni f\u00e4llt in dieselbe Zeit, in der die Landwirte zum ersten Mal ihre Wiesen m\u00e4hen. Die Ricken legen in dieser Zeit ihre frisch geborenen Kitze an vermeintlich gesch\u00fctzter Stelle, z. B. im hohen Gras einer Wiese, ab. Droht Gefahr, verharren die Kitze instinktiv tief geduckt und reglos auf dem Boden, anstatt zu fliehen. Da sie dadurch nicht erkannt werden k\u00f6nnen, werden sie durch M\u00e4hmaschinen h\u00e4ufig schwer verletzt oder get\u00f6tet. Durch \u201everm\u00e4hte\u201c Rehkitze wird der Gr\u00fcnschnitt der betroffenen Fl\u00e4che unbrauchbar. Die Kitze vor schweren Verletzungen oder gar Tod zu bewahren ist das Ziel der Kitzrettung.<\/p>\n\n\n\n<figure class=\"wp-block-image size-thumbnail\"><img loading=\"lazy\" decoding=\"async\" width=\"150\" height=\"150\" src=\"https:\/\/weck-edv.eu\/wp-content\/uploads\/2022\/05\/IMG_2550-2-1-150x150.jpg\" alt=\"\" class=\"wp-image-56\"\/><figcaption>gefundenes Kitz<\/figcaption><\/figure>\n\n\n\n<h2 class=\"wp-block-heading\">Verfahren<\/h2>\n\n\n\n<p>F\u00fcr die Kitzrettung benutzen wir eine w\u00e4rmebildtragende DJI Mavic Enterprice Advanced zum Einsatz, mit der die Grasfl\u00e4chen, die am selben Tag gem\u00e4ht werden sollten, zur Suche nach Kitzen normalerweise in den fr\u00fchen Morgenstunden abgeflogen werden.<\/p>\n\n\n\n<p>Mit der W\u00e4rmebildkamera (640 * 512) der Drohne k\u00f6nnen durch die Temperaturdifferenz zwischen Boden und der Felloberfl\u00e4che die Kitze identifiziert werden.&nbsp;<\/p>\n\n\n\n<p>Der Flug findet in einer H\u00f6he von 40 &#8211; 50 Meter<\/p>\n\n\n\n<figure class=\"wp-block-image size-thumbnail\"><img loading=\"lazy\" decoding=\"async\" width=\"150\" height=\"150\" src=\"https:\/\/weck-edv.eu\/wp-content\/uploads\/2022\/05\/4e4b80ccf25c68546864a915efb9ffbc@origin-150x150.png\" alt=\"\" class=\"wp-image-58\" srcset=\"https:\/\/weck-edv.eu\/wp-content\/uploads\/2022\/05\/4e4b80ccf25c68546864a915efb9ffbc@origin-150x150.png 150w, https:\/\/weck-edv.eu\/wp-content\/uploads\/2022\/05\/4e4b80ccf25c68546864a915efb9ffbc@origin-300x300.png 300w, https:\/\/weck-edv.eu\/wp-content\/uploads\/2022\/05\/4e4b80ccf25c68546864a915efb9ffbc@origin-1024x1024.png 1024w, https:\/\/weck-edv.eu\/wp-content\/uploads\/2022\/05\/4e4b80ccf25c68546864a915efb9ffbc@origin-768x768.png 768w, https:\/\/weck-edv.eu\/wp-content\/uploads\/2022\/05\/4e4b80ccf25c68546864a915efb9ffbc@origin-1536x1536.png 1536w, https:\/\/weck-edv.eu\/wp-content\/uploads\/2022\/05\/4e4b80ccf25c68546864a915efb9ffbc@origin-2048x2048.png 2048w\" sizes=\"auto, (max-width: 150px) 100vw, 150px\" \/><\/figure>\n\n\n\n<h2 class=\"wp-block-heading\">Kontaktwunsch<\/h2>\n\n\n\n<div class=\"wp-block-contact-form-7-contact-form-selector\">\n<div class=\"wpcf7 no-js\" id=\"wpcf7-f70-o1\" lang=\"de-DE\" dir=\"ltr\" data-wpcf7-id=\"70\">\n<div class=\"screen-reader-response\"><p role=\"status\" aria-live=\"polite\" aria-atomic=\"true\"><\/p> <ul><\/ul><\/div>\n<form action=\"\/index.php?rest_route=%2Fwp%2Fv2%2Fpages%2F53#wpcf7-f70-o1\" method=\"post\" class=\"wpcf7-form init\" aria-label=\"Kontaktformular\" novalidate=\"novalidate\" data-status=\"init\">\n<fieldset class=\"hidden-fields-container\"><input type=\"hidden\" name=\"_wpcf7\" value=\"70\" \/><input type=\"hidden\" name=\"_wpcf7_version\" value=\"6.1.5\" \/><input type=\"hidden\" name=\"_wpcf7_locale\" value=\"de_DE\" \/><input type=\"hidden\" name=\"_wpcf7_unit_tag\" value=\"wpcf7-f70-o1\" \/><input type=\"hidden\" name=\"_wpcf7_container_post\" value=\"0\" \/><input type=\"hidden\" name=\"_wpcf7_posted_data_hash\" value=\"\" \/>\n<\/fieldset>\n<p><label> Ihr Name<br \/>\n<span class=\"wpcf7-form-control-wrap\" data-name=\"your-name\"><input size=\"40\" maxlength=\"400\" class=\"wpcf7-form-control wpcf7-text wpcf7-validates-as-required\" aria-required=\"true\" aria-invalid=\"false\" value=\"\" type=\"text\" name=\"your-name\" \/><\/span> <\/label>\n<\/p>\n<p><label> E-Mail-Adresse<br \/>\n<span class=\"wpcf7-form-control-wrap\" data-name=\"your-email\"><input size=\"40\" maxlength=\"400\" class=\"wpcf7-form-control wpcf7-email wpcf7-validates-as-required wpcf7-text wpcf7-validates-as-email\" aria-required=\"true\" aria-invalid=\"false\" value=\"\" type=\"email\" name=\"your-email\" \/><\/span> <\/label>\n<\/p>\n<p><label> Terminwunsch des Fluges<br \/>\n<span class=\"wpcf7-form-control-wrap\" data-name=\"Flugdatumgewnscht\"><input class=\"wpcf7-form-control wpcf7-date wpcf7-validates-as-date\" aria-invalid=\"false\" value=\"\" type=\"date\" name=\"Flugdatumgewnscht\" \/><\/span> <\/label>\n<\/p>\n<p><label> Betreff<br \/>\n<span class=\"wpcf7-form-control-wrap\" data-name=\"your-subject\"><input size=\"40\" maxlength=\"400\" class=\"wpcf7-form-control wpcf7-text wpcf7-validates-as-required\" aria-required=\"true\" aria-invalid=\"false\" value=\"\" type=\"text\" name=\"your-subject\" \/><\/span> <\/label>\n<\/p>\n<p><label> Ihre Nachricht (optional)<br \/>\n<span class=\"wpcf7-form-control-wrap\" data-name=\"your-message\"><textarea cols=\"40\" rows=\"10\" maxlength=\"2000\" class=\"wpcf7-form-control wpcf7-textarea\" aria-invalid=\"false\" name=\"your-message\"><\/textarea><\/span> <\/label>\n<\/p>\n<p><input class=\"wpcf7-form-control wpcf7-submit has-spinner\" type=\"submit\" value=\"Senden\" \/>\n<\/p><div class=\"wpcf7-response-output\" aria-hidden=\"true\"><\/div>\n<\/form>\n<\/div>\n<\/div>\n","protected":false},"excerpt":{"rendered":"<p>Jedes Jahr sterben zahlreiche Rehkitze bei der Mahd. Die Geburt der Rehkitze im ;Mai \u2013&#8230;<\/p>\n","protected":false},"author":1,"featured_media":0,"parent":0,"menu_order":0,"comment_status":"closed","ping_status":"closed","template":"","meta":{"footnotes":""},"class_list":["post-53","page","type-page","status-publish","hentry"],"_links":{"self":[{"href":"https:\/\/weck-edv.eu\/index.php?rest_route=\/wp\/v2\/pages\/53","targetHints":{"allow":["GET"]}}],"collection":[{"href":"https:\/\/weck-edv.eu\/index.php?rest_route=\/wp\/v2\/pages"}],"about":[{"href":"https:\/\/weck-edv.eu\/index.php?rest_route=\/wp\/v2\/types\/page"}],"author":[{"embeddable":true,"href":"https:\/\/weck-edv.eu\/index.php?rest_route=\/wp\/v2\/users\/1"}],"replies":[{"embeddable":true,"href":"https:\/\/weck-edv.eu\/index.php?rest_route=%2Fwp%2Fv2%2Fcomments&post=53"}],"version-history":[{"count":5,"href":"https:\/\/weck-edv.eu\/index.php?rest_route=\/wp\/v2\/pages\/53\/revisions"}],"predecessor-version":[{"id":74,"href":"https:\/\/weck-edv.eu\/index.php?rest_route=\/wp\/v2\/pages\/53\/revisions\/74"}],"wp:attachment":[{"href":"https:\/\/weck-edv.eu\/index.php?rest_route=%2Fwp%2Fv2%2Fmedia&parent=53"}],"curies":[{"name":"wp","href":"https:\/\/api.w.org\/{rel}","templated":true}]}}